e remainder when x is divided by -10*((-18)/4 + 2)?
23
What is the remainder when 71*-2*(0 - -2)/(-4) is divided by 37?
34
Let b(n) = n**2 + 5*n - 4. Calculate the remainder when b(-6) is divided by ((-44)/(-16) - 3/(-12)) + -2.
0
Calculate the remainder when 83 is divided by (4/(-10))/(5/(-150) - 0).
11
Suppose -3*g + 7*g = -d + 92, -5*g - 4*d = -115. What is the remainder when g is divided by 13?
10
Let j(q) = -23*q. Let v be j(-3). Suppose 2*d = -d + v. Let u = 317 + -311. What is the remainder when d is divided by u?
5
What is the remainder when 85 is divided by ((-3)/9)/(2/(-132))?
19
Suppose -2*l + 4*u + 40 = 0, 4*l + 15 = 5*l - u. Suppose -2*y = n - 11, y - 5 = 3*n - 3. Suppose -41 = -y*v + 44. What is the remainder when v is divided by l?
7
Suppose 5*f = -5*t + 575, 4*t + 83 = f - 17. What is the remainder when f is divided by 58?
54
Suppose 2*g = 0, 29 = -3*v + 5*g - 4. Let d = 1 - v. What is the remainder when d is divided by 7?
5
Let g(a) = 3*a - 15. Let j = 109 + -48. Calculate the remainder when j is divided by g(12).
19
Suppose 2*p - 4 + 0 = -2*f, -4*f = 5*p - 12. Suppose z + 3*r + 2*r - 37 = 0, -4*z - p*r + 132 = 0. What is the remainder when z is divided by 11?
10
Suppose -2*b + 6 = -16. Suppose 0 = -2*r - 2*r + 2*n - 20, 0 = -r - 2*n. Let a = b + r. What is the remainder when a is divided by 2?
1
Suppose -5*c = d - 7, -2*d + 9 = -0*d + 5*c. Suppose -3*v + 5 = -d*v. Suppose 32 = 3*p + v. What is the remainder when 26 is divided by p?
8
What is the remainder when 3 + (3 - 4 - -2*33) is divided by 12?
8
Let i be (-108)/84 - (-2)/7. Calculate the remainder when i - -41 - (-27)/(-9) is divided by 10.
7
Let z = 2 + 2. Calculate the remainder when (-1 - -7) + (-2 - -2) is divided by z.
2
Let b(c) = 2*c - 4. Let a be (-14)/(0/2 + -2). Let u = a - 2. What is the remainder when u is divided by b(3)?
1
Let o(c) = c**3 - 7*c**2 + 9*c - 2. Let b be (2/2)/((-6)/(-36)). Suppose j - 230 = -4*j. Calculate the remainder when j is divided by o(b).
14
Suppose -11 = -5*i + 2*x, 0 = -i - i + x + 4. Let q(p) = p**3 - 7*p**2 + 7*p + 1. What is the remainder when q(6) is divided by i?
1
Suppose -47 - 68 = 5*c. Let w = -2 - c. What is the remainder when 81 is divided by w?
18
Suppose -5*l - 5*s = -185, 2*l + 0 = -5*s + 77. Let k be (1 - 1)*7/14. Calculate the remainder when l is divided by 19 + (-3)/(-9)*k.
17
Suppose 0 = -5*b + 37 + 18. Calculate the remainder when 63 is divided by b.
8
Let g be 2/(-8) - (-97)/4. Suppose 0*a - g = -a. Let l = a - -13. Calculate the remainder when l is divided by 13.
11
Suppose 2*c = 5 + 5. Suppose -4*x + 20 = 0, -c*g = -g - 2*x + 58. What is the remainder when (-1206)/(-22) - g/66 is divided by 19?
17
What is the remainder when 38 is divided by 2*(-13)/(-6)*3?
12
Let b be (8/4 - 3)*-3. Suppose 4*w - 32 = -4*g, b*w + 4*g = 1 + 24. Calculate the remainder when w is divided by 5.
2
Let j(f) = 6*f**2 + f - 7. Calculate the remainder when 85 is divided by j(-3).
41
Suppose 0 = 3*z - 66 + 21. Let k(b) = -b**3 + 7*b**2 + 8*b + 2. What is the remainder when k(7) is divided by z?
13
Calculate the remainder when 23 is divided by 96/18 - 2/6.
3
Suppose 5*p = d - 11, -4*d = -8*d + 4*p + 76. What is the remainder when 55 is divided by (d/(-2))/(6/(-8))?
13
Suppose d = -4*p + 25, 0*d = 3*d - 2*p - 19. Suppose 7*o - 3*o + 42 = r, -2*o = 2*r - 44. Let v = r + -10. What is the remainder when v is divided by d?
7
Suppose 4*s = -j - 17, -3*j + 2*s = -j - 16. Suppose 0 = -j*p + 9 + 30. What is the remainder when 24 is divided by p?
11
Let k = 22 - 14. Calculate the remainder when 31 is divided by k.
7
Let x(i) = 4*i + 17. Calculate the remainder when 73 is divided by x(5).
36
Let r(u) = -14*u + 3. Calculate the remainder when r(-3) is divided by 16.
13
Let k = -81 + 55. Let s = k - -36. Calculate the remainder when 17 is divided by s.
7
Let p = -28 + 56. Calculate the remainder when p is divided by 5.
3
Let o = -37 + 74. Let g(z) = z - 1. Let f be g(3). What is the remainder when o is divided by 13/((3 - f)/1)?
11
What is the remainder when (-2)/5 - 32/(-5) is divided by (3/2)/((-5)/60*-6)?
0
Suppose 4*l - 8 = 0, -4*a - 2*l = -5*a. Calculate the remainder when 14 is divided by a.
2
Suppose u = 5*y - 100, -3*u = -u. Calculate the remainder when 78 is divided by y.
18
Suppose 103*g = 106*g - 69. Calculate the remainder when g is divided by 8.
7
Let y(g) = 2*g**2 + 2*g. What is the remainder when y(3) is divided by 13?
11
Let k(j) = -j + 15. Let v be 3 + 0 + 2 + -17. Calculate the remainder when 51 is divided by k(v).
24
Suppose 5*r - 4*r - 17 = 0. Let w be (-15)/2*16/(-20). What is the remainder when r is divided by w/21 + (-40)/(-7)?
5
Let j(r) = r**2 + r. Let x(c) = -2*c**2 - 4*c. Let m(k) = -7*j(k) - 2*x(k). Let z be m(1). What is the remainder when 22 is divided by (-4)/(z/12*2)?
10
Suppose 3*d + z - 2 = -0, -18 = -5*d + 2*z. What is the remainder when -2 + 3 + -1 - -4 is divided by d?
0
Let a be 50/12 - 1/6. Suppose c + a*c = 65. Calculate the remainder when 49 is divided by c.
10
What is the remainder when 34 is divided by 8 + 4*(4 + -3)?
10
Suppose 0 = -6*z + 3*z + 144. Calculate the remainder when z is divided by 25.
23
Calculate the remainder when 1 - (-2 + 6) - (-5 + -85) is divided by 22.
21
Calculate the remainder when 163 is divided by (-2265)/(-65) + 6 + (-4)/(-26).
40
Let b(q) = 4*q - 29. Calculate the remainder when b(9) is divided by 4.
3
Let y be (0 + 1)/((-1)/2). What is the remainder when 59 is divided by 48/(y + 5) + -1?
14
Suppose t - 5*t + 3*r = -167, -r = 2*t - 81. What is the remainder when t is divided by 14?
13
Suppose -m + 2*m = y - 3, -y = -2*m - 9. What is the remainder when 9 is divided by (27/m)/((-9)/12)?
3
Let y = 6 - 6. Suppose y = 5*c - 26 - 39. Calculate the remainder when (-3)/(3/(-34)) - -3 is divided by c.
11
Let a(m) = -2*m + 0*m + 5*m + 2*m**2 + 3. Let t be a(-3). Calculate the remainder when t/9*(-33)/(-2) is divided by 12.
10
Suppose 3*l = -11 - 25. Let g = l + 20. Let k = 21 + -6. Calculate the remainder when k is divided by g.
7
Let u be 6/(((-6)/(-9))/1). Suppose -u - 22 = -c. What is the remainder when c is divided by 8?
7
Suppose -4*c + 34 = 2*f - 12, 5*c + 3*f = 60. Let n(m) = -m**3 + 10*m**2 + 9*m + 27. What is the remainder when c is divided by n(11)?
4
Let g = 20 + 12. What is the remainder when g is divided by 11?
10
Suppose -6*r = 3*r - 117. What is the remainder when 50 is divided by r?
11
Suppose 2*t + 0*t + 4*f = 42, 0 = 5*t + f - 69. Suppose -5*z + 2 = 4*y - t, y + z - 5 = 0. Calculate the remainder when 28 is divided by y.
8
Let w = 13 + 139. Let j = w - 77. Suppose 3*h = 3*q - 4*q, j = 4*q - 3*h. What is the remainder when 43 is divided by q?
13
Suppose -3*w - 4*j + 97 = 0, -2*w + 6*j - j = -57. Calculate the remainder when 120 is divided by w.
27
Let p(d) be the first derivative of -10*d**2 - d + 5. What is the remainder when 35 is divided by p(-1)?
16
Let x(a) = 4*a**2 + 8*a + 8. What is the remainder when x(-4) is divided by 22?
18
Suppose 0 = -3*i + 5*i + 6, 4*i = -3*t - 27. Let u = t - -5. Suppose -2*v + 50 = -u*v. What is the remainder when v is divided by 9?
7
Let i(g) = g**3 + 6*g**2 + 15*g - 18. Let j(l) = -l**2 + l - 1. Let n(m) = -i(m) + 5*j(m). Calculate the remainder when 24 is divided by n(-10).
11
Suppose -h - 2*j + 3*j = -80, h + 2*j - 71 = 0. What is the remainder when h is divided by 20?
17
Let u = -10 + 57. Calculate the remainder when u is divided by 13.
8
Let h be -2 + (2 - 0) + 20. Suppose 0 = -5*p + 80 - h. Calculate the remainder when 23 is divided by p.
11
Let q(v) = v**3 + v**2 - 2*v + 5. Calculate the remainder when 5 is divided by q(-2).
0
Let f be 236/14 - 9/(-63). Suppose 0 = s - 2*h - 13, 7*h + f = s + 3*h. What is the remainder when s is divided by 4?
1
Let z = 5 + 43. Suppose -b = 2*b - z. What is the remainder when 29 is divided by b?
13
Let i(o) = -o**2 + 7*o - 4. What is the remainder when 14 is divided by i(3)?
6
Let d(l) = -3*l + 2. What is the remainder when 52 is divided by d(-4)?
10
Suppose 3*a + 5*z = 54, -5*a + 0*a - 4*z = -103. Calculate the remainder when a is divided by 6.
5
Let o(t) = -29 + 2*t - 3*t**3 + t**2 - 2*t**2 + 31. Calculate the remainder when 70 is divided by o(-2).
16
Let x be (-3)/2*(-4)/3. Suppose -x*w - 6 = -3*w. 